3 - b**2 + 2*b - 1. Let a = -11 - -12. Calculate i(a).
4
Let n(x) be the first derivative of 1/2*x**2 - 1 + 2*x**3 + 0*x. Let d(k) = k**2 - 2*k - 1. Let f be d(2). Calculate n(f).
5
Suppose -5*l + 17 + 3 = 0. Let t(d) = d**2 + 4*d. Let j(c) = c**2 + 4*c + 1. Let v(q) = l*j(q) - 5*t(q). Determine v(-3).
7
Let x(r) be the third derivative of r**5/60 - r**4/4 - r**3 + 9*r**2. What is x(5)?
-11
Suppose -10 = -2*x - 2*u, 5*u = -x + 2 + 3. Let r(z) = -z**3 + 4*z**2 + 7*z + 1. What is r(x)?
11
Suppose 5*i = -2*i + 21. Let k(d) be the second derivative of 2*d + 5/6*d**i + 1/20*d**5 + d**2 + 1/3*d**4 + 0. Give k(-3).
-4
Let k be (-1 + 1)/(-6 + 7). Let l(v) be the third derivative of v**2 + k - 1/60*v**5 + 0*v + 0*v**3 - 1/12*v**4. What is l(-4)?
-8
Let p(x) be the third derivative of 0 + 1/15*x**5 + 1/120*x**6 + 4*x**2 + 1/12*x**4 - 2/3*x**3 + 0*x. Calculate p(-3).
-1
Let r = 4 - 6. Let b(q) = 6*q + 4. Let u(i) = i. Let o(l) = -b(l) + 5*u(l). What is o(r)?
-2
Let r(z) = z + 4. Let t be r(-6). Let x = 3 + -2. Let l(p) = 0 + 2*p - x - 3*p. Calculate l(t).
1
Suppose 7 = -3*r - 26. Let m(g) = -g**3 - 11*g**2. Determine m(r).
0
Suppose -2*r = 1 + 7. Suppose 0 = -5*s + 4 + 11. Let q(h) = 2*h**2 - 2*h**2 - 6 + 2*h - 4*h**2 - h**s - 4*h. Determine q(r).
2
Let o(m) = -17*m + 9. Let s be (-3 - (-1 - -2)) + 2. Let p(l) be the second derivative of -2*l**3/3 + l**2 + 10*l. Let t(j) = s*o(j) + 9*p(j). Give t(-1).
2
Suppose -7 = -5*l + 8. Let m(y) = y**2 - 4*y + 3. Let f be m(6). Let v(o) = -o**2 - f*o + 8*o - l + 0. Determine v(-6).
3
Let a be 1 + 7 - (5 - 2). Let n(q) = 3*q**3 + 7 - 3*q - 4*q**2 - 2*q**3 - 2*q. Give n(a).
7
Let n(a) = -a**2 + a. Let t(y) = -4*y**2 + 3. Let o(j) = 5*n(j) - t(j). What is o(2)?
3
Suppose -4*p = -5*d, 4 = -5*p - 21. Let y(r) = -2*r**3 - 13*r**2 + 5*r - 11. Let o(s) = 3*s**3 + 20*s**2 - 8*s + 17. Let i(a) = -5*o(a) - 8*y(a). Give i(d).
3
Let j = 1 - 0. Let d(a) = -a**3 - j + 0*a + 3 - 3*a + 4*a**2. What is d(4)?
-10
Suppose 8 = 5*t - 17. Suppose t*r - 9 = 1. Let m(h) = -h**2 + h + r + 2 - h**3 - 5. What is m(0)?
-1
Suppose 0 = 3*p - 4*p + 7. Let n(b) = 3 - 5*b**2 - p*b + b**2 + 10*b + 3*b**2. Determine n(-2).
-7
Let a(v) = -4*v - 4*v**2 - 5 + 5*v**2 + v - 4*v. Calculate a(8).
3
Let t(j) = j + 1. Let x(y) = y**2 - 3*y + 11. Let u(f) = 4*t(f) - x(f). Let r be u(5). Let n(b) = 2*b**2 - 3*b - 2. Determine n(r).
7
Let p(d) = -5*d**2 + 2*d - 8. Let s(k) = 4*k**2 - k + 8. Let q(c) = 5*p(c) + 6*s(c). Give q(6).
-4
Let s(f) = -f**3 + 6*f**2 - 5. Let v be s(4). Suppose -4*w + v = 7. Suppose w*t + 0 = 3*i - 9, -i = t - 3. Let k(y) = -y**3 + 5*y**2 - 4*y + 1. What is k(i)?
7
Let f(z) = -z**3 + 4*z**2 + 5*z - 4. Let o = -7 + 12. Determine f(o).
-4
Let h(b) = 5*b**2 + b + 3. Let y(t) = 9*t**2 + 2*t + 5. Let v(m) = 5*h(m) - 3*y(m). Suppose 15 - 5 = -2*w. Let i be w/4 - (-2)/8. Calculate v(i).
-1
Suppose -2*l = -5*f - 8, -5*l + 4*f + 1 = -2. Let d(m) = -5*m**2. Determine d(l).
-5
Let f(y) = 5*y - 1. Let i be f(1). Suppose -i*o + 15 = -3*t + 46, 5*t - 2*o = 33. Let g(m) = -2*m + 6. Calculate g(t).
-4
Let g(t) = t**3 + 5*t**2 - 3*t + 11. Let m be g(-6). Let u(q) = q**2 + 8*q + 7. Determine u(m).
0
Let o(p) be the first derivative of 1/4*p**4 - 3/2*p**2 + 7 - p + 2/3*p**3. Give o(-3).
-1
Let y be (1 - 3) + (-3)/(-1). Let a(s) = 5 + 3 + 1 + 5*s - 10. Calculate a(y).
4
Suppose 3*u - 2*y = -7*y, -u = y + 2. Let x = -3 - u. Let g be -2*(1 - x) + 0. Let k(o) = -2*o**3 + 4*o**2 - 3*o + 2. What is k(g)?
-4
Let q(o) be the third derivative of -1/8*o**4 - 1/15*o**5 + 1/120*o**6 + 0 + 0*o + 0*o**3 + o**2. What is q(5)?
10
Let i(f) = f**2 - 5*f + 4. Let c(s) = 1. Let l(t) = -t - 3. Let z(o) = -9*c(o) - 2*l(o). Let d = 7 + -3. Let y be z(d). Give i(y).
4
Let k = 4 + -4. Let m(l) = l. Let z = -3 + 2. Let a(r) = -r**3 + 6*r + 3. Let y(j) = z*a(j) + 5*m(j). Determine y(k).
-3
Let q(k) be the second derivative of -k**4/12 - k**3/6 - 3*k**2 + 7*k. Calculate q(0).
-6
Let b(a) = -a. Let h(s) = -5*s. Let g(n) = -4*b(n) + h(n). Let t = -2 - -6. Suppose 0 = -2*r + t*q + 22, 5*r - 4 = -q + 18. Calculate g(r).
-5
Let y(q) be the third derivative of -q**5/60 + 7*q**4/24 + q**3/2 - 11*q**2. Calculate y(8).
-5
Let q(r) = r**3 + r**2. Let n(f) = -4*f**3 - 6*f**2 - f - 3. Let a(s) = -n(s) - 3*q(s). Give a(-3).
0
Suppose 5 = -n + g + 2, 2*n - 15 = -5*g. Let s(q) = -3 + 24*q**3 - 9*q**3 - 6*q**3 + q - q**2 - 8*q**3. Calculate s(n).
-3
Let u(i) = -3*i + 2. Let g(b) = b**2 - 10*b - 13. Let o be g(11). Calculate u(o).
8
Let h = 8 - 6. Let w(m) = -5*m + 3 - 3 + m**2 + 2. Give w(h).
-4
Let z(q) be the second derivative of q**4/12 + 4*q**3/3 + 5*q**2/2 + 6*q. What is z(-6)?
-7
Let m be (-1 - -2) + (-3 - -4). Let a be -1 - (1 - 6/m). Let u(h) = 1 - a + 2*h. What is u(-2)?
-4
Let l(v) = v - 3. Let i(m) = m - 3. Let a be i(6). Let c = 1 - a. Let q = c + 6. Give l(q).
1
Let u = -3 + 8. Suppose u*n = -2*m - 3*m + 20, 0 = -4*n - 2*m + 18. Let c(x) = -x + 6*x**2 + 1 - x**3 - 4*x + 0*x. Calculate c(n).
1
Suppose w - 5*v = 11, -2*w + w - 4*v = 16. Let f(q) = 5*q + 3. Let s(r) = 11*r + 6. Let k(m) = 13*f(m) - 6*s(m). Calculate k(w).
7
Let p = 5 - 2. Let m(v) = -v - 2*v**2 + 0*v + 3*v**2. Calculate m(p).
6
Let i(z) be the second derivative of z**3/2 + z**2/2 + 3*z. Let u(b) = b + 5. Let d be u(-7). Calculate i(d).
-5
Let s = 5 - 4. Let f(j) = 7 + j**2 + s - 4 + 7*j + 2. Determine f(-6).
0
Let x(f) = 14*f. Let m = 18 + -19. Give x(m).
-14
Let s = 4 - 24. Let t be (-1 + 2)/((-4)/s). Let x(h) = 1. Let k(g) = 2*g - 10. Let r(y) = k(y) + 6*x(y). Calculate r(t).
6
Let d(l) = l**2 - 4. Let w = 48 - 46. Suppose 0 = 5*n - 20, -3*a - 5*n + 30 = 1. Suppose a*s + 6 = -w*y, 3*y - 4*s + 15 = -2*y. Calculate d(y).
5
Let y(r) be the third derivative of r**4/24 - r**3/3 + 7*r**2. What is y(6)?
4
Let a(f) be the first derivative of -f**2/2 - 4*f + 14. What is a(-4)?
0
Let g be (-30)/(-7) + 4/(-14). Suppose -g*i + 3*i = -2. Let l(c) = 3*c - 2. Let n(f) = 2*f - 2. Let d(z) = 4*l(z) - 3*n(z). Determine d(i).
10
Let k = -827 - -831. Let h(y) = 2*y**2 - 2*y**3 + y**3 + 5*y + 4 - 1. Calculate h(k).
-9
Let i(m) = 5*m + 5 - 4*m + m**2 - 10*m. Calculate i(10).
15
Let i(p) = -p**3 + 9*p**2 + p - 7. Let l be i(9). Let h(z) = -z - 1 - z**l + 4*z**3 + z**2. Let c be (-1)/(-1*2/(-2)). Give h(c).
-4
Let v(b) = -b**3 + 6*b**2 - 4*b - 6. Let f(z) = -4 + 2 - 2*z**3 - 7*z**2 + 3*z**3 + z. Let i be f(7). Give v(i).
-1
Let d(z) = -3*z - 2 - z + 3 + 0*z. Determine d(-2).
9
Let s be 6/(-18) - 10/6. Let i be (17 + -3)*-1 - 0. Let g be 21/i + s/4. Let c(a) = -a**3 - a**2 - a. Calculate c(g).
6
Let j(l) = -l + 1. Let t(f) = -2*f - 4. Let r be (-3 - -5)/((-2)/5). Let h be t(r). Let w = h - 10. Give j(w).
5
Suppose 32 = -15*j + 2. Let c(u) = -u**2 + 2*u. Give c(j).
-8
Let r = -18 - -20. Suppose r*h - 2 = -3*b - 19, 0 = -4*b + 2*h - 32. Let t(g) = -g**2 - 6*g + 9. Determine t(b).
2
Let d(r) = -8*r**2 - 10*r + 7. Let f(l) = -17*l**2 - 21*l + 15. Let p be 27/(-2) - (-2)/4. Let u(h) = p*d(h) + 6*f(h). Calculate u(-3).
5
Let x(m) = -3*m**3 + 5*m**2 - 3*m - 6. Let h(j) = 4*j**3 - 6*j**2 + 3*j + 7. Let r(z) = 5*h(z) + 6*x(z). Determine r(-2).
-11
Let p(d) be the third derivative of d**6/120 + d**5/15 + d**4/24 - d**3/2 - 3*d**2. Give p(-4).
-7
Let r(s) = -s**2 + 3*s + 1. Let t(z) = 6*z**2 - 16*z - 5. Let n(w) = -11*r(w) - 2*t(w). What is n(2)?
-7
Suppose 2*a = 2*o + 6, 0*a + o = 4*a - 18. Let z(h) = -10*h**3 - h + 7. Let p(w) = 7*w**3 + w - 5. Let l(q) = a*z(q) + 7*p(q). Suppose -m - 6 = 2*m. Give l(m).
4
Suppose -2*k + 15 = 3*k. Suppose -3*i = -6, -3*i = k*a - 0*a. Let q(r) = -2*r**3 - 4*r**2 - 2*r + 1. What is q(a)?
5
Let m(o) = o**2 - 7*o + 4. Let s = -20 - -5. Let b = 26 + s. Let a = b + -6. Calculate m(a).
-6
Let r(d) = -3*d + 1. Suppose -4*c + 2*h - 54 = 0, 2*h + 2*h + 74 = -5*c. Let t be (-6)/21 + (-18)/c. Calculate r(t).
-2
Let n(q) = q + 0 - 2 + 1 - 8*q. Determine n(1).
-8
Let x(s) = 3*s + 1. Let a(h) = 13*h + 5. Let q(w) = 4*a(w) - 18*x(w). Give q(-2).
6
Suppose 5*p + 6 + 9 = 0. Let x(j) = j - 7 - 5*j + 3*j. Calculate x(p).
-4
Let h(t) = t**2 + t + 1. Let g(n) = 5*n**2 + n**2 + 15 - 3. Let w(i) = g(i) - 5*h(i). Let x = 4 + 1. Calculate w(x).
7
Let v(r) be the second derivative of -r**4/24 - r**3/3 + 5*r**2/2 - r. Let n(f) be the first deri